er when 141 is divided by (-2672)/(-167) + 1*-7.
6
Let j = 181 + -132. Let h(d) = 0*d + 6 - 116*d**3 + 10*d**2 + 115*d**3 + d. Calculate the remainder when h(9) is divided by j.
47
Let t(n) = 4*n**2 + n - 4. Calculate the remainder when t(4) is divided by -28 + 1620/30 + 3.
6
Suppose -21*i - 54 = -24*i. What is the remainder when 430 is divided by i?
16
Let n(x) = 6*x + 3. What is the remainder when -46*(6 - 91/14)/((-4)/(-28)) is divided by n(4)?
26
Let o be 11/(7*2/154). Let r = o + -74. Calculate the remainder when 184 is divided by r.
43
Let b = 1941 + -1888. Calculate the remainder when b is divided by (-3 + -4)/(-1) + 0.
4
Let i = 242 - 238. Suppose -2*u + 48 = -i*c, 4*c + c = u - 36. What is the remainder when 43 is divided by u?
11
Let p = 81 + -70. Suppose -12 = -17*c + p*c. Suppose 12 + 4 = c*z. What is the remainder when 14 is divided by z?
6
Suppose 3*s - 3*q - 171 = 0, -4*q = 2*s - 3*q - 108. Suppose 0 = -12*m - s + 367. What is the remainder when 127 is divided by m?
23
Suppose -8*s + 514 = -78. Calculate the remainder when 76 is divided by s.
2
Suppose -5*u + 83 = -2. Suppose -21*d + 156 = -u*d. What is the remainder when d is divided by 23?
16
Let u(m) = -58*m**2 + 3*m + 9. Let f(r) = -59*r**2 + 3*r + 7. Let d(b) = -6*f(b) + 5*u(b). Calculate the remainder when d(1) is divided by 16.
0
Suppose 5*u - 4 = 6. Suppose -4*h + 13 = -3. Suppose 0*v = 2*v + a - 14, h*v - 32 = -3*a. What is the remainder when v is divided by u?
1
Let j = -283 - -186. Let k = j + 99. What is the remainder when 2 is divided by (-1)/(k - (-5)/(-2))?
0
Suppose 6*d = -5*a + 31975, 0 = 2*a + 28*d - 23*d - 12790. Calculate the remainder when a is divided by 164.
163
Let u(r) = r**3 - 20*r**2 - r + 36. Let g = -121 - -141. What is the remainder when u(g) is divided by 3?
1
Let v be (-2)/(-4) + 2/((-28)/(-133)). Suppose -60 = -v*g + 20. What is the remainder when 13 is divided by g?
5
Suppose -208*z + 6930 = -204*z + 2*y, 0 = -3*y + 21. Calculate the remainder when z is divided by 30.
19
Suppose -2*w - 518 = -28. Let j = -203 - w. What is the remainder when j is divided by 11?
9
Let b(o) = 2*o**3 + 9*o**2 + 6*o + 10. Let v be b(-4). Suppose 3*z - 5*g - 389 = -g, v*z + 2*g = 264. What is the remainder when z is divided by 9?
5
What is the remainder when 467 is divided by 3 + 10 + 153 + 0?
135
Let u be 3 + -2 + 4 + -4 + 3. Suppose -3*z = -5*d - 89, -u*d + 3*z - 19 = 54. Let t = d + 19. What is the remainder when 10 is divided by t?
1
Let x = 15 - -2. Let w = 19097 + -19073. Calculate the remainder when w is divided by x.
7
Let z = 569 + -409. What is the remainder when (z/(-14))/((-14)/245*5) is divided by (22/1)/((-2)/(-1))?
7
Let t(x) = -2*x**3 + 13*x**2 + 16. Let q be (7/((-42)/(-30)) + 1)/1. What is the remainder when t(q) is divided by 22?
8
Let m(n) = -96*n + 299. Calculate the remainder when m(-1) is divided by 16.
11
Let v(h) = -23*h - 3. Let k be v(-2). Let n = k - 41. Let o(z) = z**3 + 2*z**2 - z - 1. Calculate the remainder when 64 is divided by o(n).
12
What is the remainder when 2807 is divided by ((-12)/(-7))/(-6 + (-1397)/(-231))?
35
Calculate the remainder when (6647/92)/(4/112) is divided by 81.
79
Let y(m) = -m**3 - 19*m**2 + 10*m - 75. Let i be y(-20). Suppose 0 = -5*a + 5*g + i, -3*a + 7*g + 73 = 6*g. Calculate the remainder when a is divided by 4.
0
Let p be (33 - 6)*(-1 + 0). Calculate the remainder when 143 is divided by 3 + (-8 - (p + -2)).
23
Let p = 332 + -327. Suppose 0*u - p*u = s - 562, 0 = 2*s - 4. Calculate the remainder when u is divided by 39.
34
Suppose 0 = -2*p + 74 - 84, 5*s - 780 = 2*p. What is the remainder when s is divided by 78?
76
Let y be (-492 - (-2)/(-1)) + -4. Suppose 7*g + 3*g - 80 = 0. What is the remainder when 64 is divided by (-2)/(-8) - (g - y/(-24))?
12
Suppose -19209 = -159366*u + 159029*u. Suppose 5*v = 4*o + 108, -3*o = 2*v - 3*v + 15. What is the remainder when u is divided by ((-2)/(-4))/(2/v)?
3
Let v = 4502 - 4421. Calculate the remainder when v is divided by 34 + (-5)/10*-4.
9
Let n(i) = 433*i + 4361. Calculate the remainder when 185 is divided by n(-10).
30
Let c(y) = -13*y - 25. Let j(w) = 15*w + 24. Let p(t) = -7*c(t) - 6*j(t). Calculate the remainder when 439 is divided by p(13).
43
What is the remainder when (2/((-16)/4))/(929/186 - 5) is divided by 32?
29
Let h be (-2 - -6) + (-7 - -1). Let q be 24/180 + h/45*3. Suppose q = 4*k + 3*f + f - 228, -47 = -k + f. Calculate the remainder when k is divided by 18.
16
Let h(z) = -124*z - 376. Calculate the remainder when h(-12) is divided by 322.
146
Let c be -3 + 2 + 3 - 0. Suppose -4 = -f + c. Suppose -77*l - 2728 = -103*l - 98*l. What is the remainder when l is divided by f?
4
Let x(l) = -l**3 - 7*l**2 - 33. Suppose -6*y = -63 + 111. Calculate the remainder when (18/(-5))/((-3)/50) is divided by x(y).
29
Suppose -4*m + 20 = -3*m. Let a(o) be the second derivative of 13*o**4/4 + o**3/3 + o**2 - 56*o. Calculate the remainder when a(-1) is divided by m.
19
Let f be (-1)/(4775/1590 - 3). Let o = f - -331. Calculate the remainder when 63 is divided by o.
11
Let v = -2630 - -2685. What is the remainder when 124 is divided by v?
14
Let w(m) = m**3 + 7*m**2 - 5*m - 6. Let d = 8 + -15. What is the remainder when w(d) is divided by 140/(-35) - -4*3?
5
Suppose -20 + 0 = -4*y. Let b = 41 - 23. Calculate the remainder when b is divided by y.
3
Suppose 4*q = 5*v - 0*q - 45, 0 = -2*q. Let s be -20 - (17 + -123 - -14). Suppose -v*o + 0 = -s. What is the remainder when 12 is divided by o?
4
Let b = -3720 - -3767. Suppose 4 = 3*p - 26. What is the remainder when b is divided by p?
7
Suppose 27*g - 24*g - 849 = -5*a, -2*a = g - 285. What is the remainder when g is divided by 92?
89
Let n(f) = 3*f**3 - 3*f. Suppose -419*g + 136 = -385*g. Let a(z) = 2*z**2 - 3*z - 1. What is the remainder when n(3) is divided by a(g)?
15
Suppose 2*m + 12 = 3*m. Let q be (-26)/(0/3 - -2). What is the remainder when -1 + 31 - (q + 9) is divided by m?
10
Suppose 0 = 3*y - i - 16, 71*y + 8 = 76*y + 3*i. Let w = 13 - -18. Calculate the remainder when w is divided by y.
3
Let z = -6769 + 7780. What is the remainder when z is divided by 1006?
5
Suppose 4*t = 1049 - 357. Let n = t + -133. Calculate the remainder when n is divided by 12.
4
Suppose 71*u - 216 = 80*u. Let y = 13 - u. Calculate the remainder when -2 + (2 - 0) - -144 is divided by y.
33
Let o(r) = 5*r**2 - 146*r + 155. Calculate the remainder when 234 is divided by o(29).
108
Suppose 2*y - 406 = -3*j + 3*y, j - y = 136. Let s be j/18*6/9. Suppose -s*r - 1 = 3*z - 8, 3*r = 2*z - 30. Calculate the remainder when 68 is divided by z.
5
Calculate the remainder when 1858 is divided by (-11 - -12)*927*1*14/21.
4
Let s = -913 + 936. Suppose 5*o - 3*o - 4 = 0. Suppose -o*m - 16 = -194. Calculate the remainder when m is divided by s.
20
Suppose -7*g + 1322 = -309. Let x = g + -122. What is the remainder when -10*5/(-10) + x is divided by 20?
16
Suppose 80*w + 41*w - 73568 = 0. Calculate the remainder when w is divided by 29.
28
Suppose -7*j + 7969 - 1144 = 0. Calculate the remainder when j is divided by 486.
3
Suppose 240*r - 1038 = -4*o + 243*r, 0 = -3*o + 3*r + 783. Calculate the remainder when o is divided by 65.
60
Suppose -279*c - 409705 = -469262 - 618971. What is the remainder when c is divided by 403?
14
Let n = -7441 - -7457. What is the remainder when 3982 is divided by n?
14
Let x be (6/(-15))/(4/60*-3). Suppose x*a + 85 = 69. Calculate the remainder when 16 is divided by (-108)/a*4/6.
7
Suppose 4*c - 207*c = -2436. Let s = -8 - -3. Let z = s - -11. What is the remainder when c is divided by z?
0
Let v = -5638 + 6540. What is the remainder when v is divided by 132?
110
Let t(s) = 130*s**2 - 11*s - 7. What is the remainder when 807 is divided by t(-1)?
3
Let f = -10 - -34. Suppose -y - f = -2*y. Suppose -9*g + 5800 = 21*g + 20*g. Calculate the remainder when g is divided by y.
20
Let g = -77 + -9. Let y = 18 - g. Suppose 0 = -16*l + 12*l + y. What is the remainder when 51 is divided by l?
25
Let a(h) = -h**2 - 51*h + 87. Let g = -20 - -15. Let j(s) = -s**2 - 7*s + 12. Calculate the remainder when a(-51) is divided by j(g).
21
Suppose -2*h - 10 = -2*f - 362, 5*h - 4*f = 875. Calculate the remainder when 208 is divided by h.
37
Suppos